{"id":2,"date":"2016-05-10T03:48:21","date_gmt":"2016-05-10T03:48:21","guid":{"rendered":"http:\/\/felix-radgarage.rueckziegel.de\/?page_id=2"},"modified":"2022-06-13T08:08:36","modified_gmt":"2022-06-13T08:08:36","slug":"rad-ist-meine-leidenschaft","status":"publish","type":"page","link":"https:\/\/felix-radgarage.de\/","title":{"rendered":"\u00dcber Felix"},"content":{"rendered":"<p><strong>Hallo,<\/strong><\/p>\n<p>ich bin Felix, 14 Jahre alt und gehe in die 8. Klasse auf das Gymnasium der Kopernikusschule in Somborn (Freigericht).<\/p>\n<p>Ich bin leidenschaftlicher Rennrad- und Cylcocrossfahrer. Jedes Jahr fahre ich viele Rennradrennen f\u00fcr die RSG Frankfurt.<\/p>\n<p>In diesem Rennjahr habe ich in der U15 den 2. Platz bei der Hessenmeisterschaft im Cyclocross belegt und wurde 14. bei der Deutschen Meisterschaft in Luckenwalde. Endlich k\u00f6nnen auch wieder Strassenrennen stattfinden. Beim Rennen am 1. Mai in Frankfurt-Eschborn wurde ich 4. ebenso wie in Meiningen. Meine beste Platzierung war der 1. Platz beim Belheimer Fr\u00fchjahrskriterium.<\/p>\n<p>In der Saison 2020 haben nur sehr wenig Rennen statt gefunden und ich habe in der U13 jedesmal eine Platzierung erreicht:<\/p>\n<ul>\n<li style=\"list-style-type: none;\">\n<ul>\n<li style=\"list-style-type: none;\">\n<ul>\n<li>1. Platz Hessenmeisterschaft auf der Rundstrecke in Dipperz<\/li>\n<li>1. Platz Hessenmeisterschaft im Einzelzeitfahren in Einhausen<\/li>\n<li>1. Platz Dreil\u00e4ndermeisterschaft (HS, RLP, SR) auf der Rundstrecke und im Zeitfahren<\/li>\n<li>2. Platz Hessenmeisterschaft im Bergzeitfahren und im Cyclocross<\/li>\n<li>2. Platz im Rundstreckenrennen in T\u00f6ttelstadt (TH)<\/li>\n<\/ul>\n<\/li>\n<\/ul>\n<\/li>\n<\/ul>\n<p>Jede Woche fahre ich ca. 200 km und kenne jeden Stein im Main-Kinzig-Kreis.<\/p>\n<p>Ich schraube sehr gerne an meinem Fahrrad herum und sorgf\u00e4ltige Fahrradpflege geh\u00f6rt nat\u00fcrlich dazu.<\/p>\n<p>Nun biete ich die Fahrradpflege auch Dir an. Komm doch vorbei und lass Dich \u00fcberraschen.<\/p>\n<p><strong>Dein Felix<\/strong><\/p>\n","protected":false},"excerpt":{"rendered":"<p>Hallo, ich bin Felix, 14 Jahre alt und gehe in die 8. Klasse auf das Gymnasium der Kopernikusschule in Somborn (Freigericht). Ich bin leidenschaftlicher Rennrad- und Cylcocrossfahrer. Jedes Jahr fahre ich viele Rennradrennen f\u00fcr die RSG Frankfurt. In diesem Rennjahr habe ich in der U15 den 2. Platz bei der Hessenmeisterschaft im Cyclocross belegt und &hellip; <\/p>\n<p class=\"link-more\"><a href=\"https:\/\/felix-radgarage.de\/\" class=\"more-link\"><span class=\"screen-reader-text\">\u201e\u00dcber Felix\u201c<\/span> weiterlesen<\/a><\/p>\n","protected":false},"author":1,"featured_media":0,"parent":0,"menu_order":0,"comment_status":"closed","ping_status":"closed","template":"","meta":[],"_links":{"self":[{"href":"https:\/\/felix-radgarage.de\/index.php?rest_route=\/wp\/v2\/pages\/2"}],"collection":[{"href":"https:\/\/felix-radgarage.de\/index.php?rest_route=\/wp\/v2\/pages"}],"about":[{"href":"https:\/\/felix-radgarage.de\/index.php?rest_route=\/wp\/v2\/types\/page"}],"author":[{"embeddable":true,"href":"https:\/\/felix-radgarage.de\/index.php?rest_route=\/wp\/v2\/users\/1"}],"replies":[{"embeddable":true,"href":"https:\/\/felix-radgarage.de\/index.php?rest_route=%2Fwp%2Fv2%2Fcomments&post=2"}],"version-history":[{"count":14,"href":"https:\/\/felix-radgarage.de\/index.php?rest_route=\/wp\/v2\/pages\/2\/revisions"}],"predecessor-version":[{"id":110,"href":"https:\/\/felix-radgarage.de\/index.php?rest_route=\/wp\/v2\/pages\/2\/revisions\/110"}],"wp:attachment":[{"href":"https:\/\/felix-radgarage.de\/index.php?rest_route=%2Fwp%2Fv2%2Fmedia&parent=2"}],"curies":[{"name":"wp","href":"https:\/\/api.w.org\/{rel}","templated":true}]}}